e prime factors of t(6)?
5, 2269
Suppose -7*k - 4*m + 5 = -6*k, -5 = -k - 5*m. Let l be (-8)/36 + 29/9. Suppose -3 = a - 1, l*a + 216 = k*j. What are the prime factors of j?
2, 3, 7
Suppose -24 = -14*d + 32, 0 = -4*k + 4*d + 37448. List the prime factors of k.
2, 3, 7, 223
Let d = -2881 - -1478. Let v = d + 2035. What are the prime factors of v?
2, 79
Suppose 4*i = -5*j + 937, -5*j + 0*j = 3*i - 939. Let h = -73 + j. What are the prime factors of h?
2, 29
Suppose 0 = -54*s + 52*s + 60. Let h be (-1)/(((-2)/s)/((-8)/24)). List the prime factors of -229*(-4)/10 - 2/h.
2, 23
Let z be (0 + (-5)/2)*2*-1. Suppose -3*i + 24 = 3*g, 6*i - z*i + 7 = -4*g. List the prime factors of 2 + (i - (0 - 4)).
19
Let s = -11432 - -22795. What are the prime factors of s?
11, 1033
List the prime factors of 134295/25 + 6*(-12)/90.
41, 131
Let s be (-3268)/(-5) - 24/(-60). List the prime factors of (s/9)/((-30)/(-135)).
3, 109
Let k(a) be the first derivative of 4*a**3/3 + 3*a**2/2 - 5*a + 12. Let x be k(-5). Let i = x + -30. What are the prime factors of i?
2, 5
Let z be 20/(19/4 + -5). Let t be 5*(-72)/z*2/(-3). What are the prime factors of (0 + -4)/((t/114)/1)?
2, 19
Suppose -4*t - 12 = 2*t. List the prime factors of (28/21)/(t/(-222)).
2, 37
Let k be 6/4*32/12. Suppose 1602 = k*s + 5*s. Suppose -s = -2*u + w + 3*w, u = -4*w + 89. What are the prime factors of u?
89
Let p(m) = m**3 - 3*m**2 + 43*m - 1386. What are the prime factors of p(26)?
2, 5, 191
Let z = -947 + 1826. Suppose z = 9*v - 3351. List the prime factors of v.
2, 5, 47
Let f(a) = 148*a**2 - 93*a + 1822. What are the prime factors of f(21)?
53, 1229
Let q(k) = -14*k**2 - 21 - 2 + 6*k - 19*k - 2 + k**3. Let p be q(15). Suppose 1226 = 5*l - c, -2*l = p*c - 3*c - 488. What are the prime factors of l?
5, 7
Let a(m) = 3*m**2 - 16*m - 178. List the prime factors of a(-50).
2, 31, 131
Let n(x) = -x**2 + 8*x + 34. Let l be n(8). Let d be 0 - (2 + 0)*-40. Let c = d - l. List the prime factors of c.
2, 23
Let l(n) = -5*n + 15. Let d be l(-7). Let p = 55 - d. Suppose -5*c + 5*h + 187 = -2*c, 325 = 5*c - p*h. List the prime factors of c.
3, 23
Let s(j) = 11*j + 17. Suppose -3*q = 2*z - 4, 0 = 4*q - z + 13 - 0. Let h be s(q). List the prime factors of (h - -4)*10*21/(-6).
5, 7
Suppose c - 1694 = -c + 2*h, 0 = 3*c + h - 2521. Let m = c + 173. What are the prime factors of m?
5, 7, 29
Let y be 1/10 + 116/40. Suppose 103 = y*a - 5*u, -4*a - 2*u = -8*a + 142. What are the prime factors of a?
2, 3
Let f = 8070 + -5681. What are the prime factors of f?
2389
Let w be ((-24)/9)/(4/(-6)). Suppose -12 = -5*s + n, w*s - 3*n = -8*n - 2. Suppose 0 = -6*r + s*r, 5*r - 2 = -v. List the prime factors of v.
2
Let t be -3 - ((-4)/(-18) + 822/(-54)). Let b(q) = -q**3 + 16*q**2 - 13*q - 31. What are the prime factors of b(t)?
389
What are the prime factors of (-2)/(-8) + 721260/80 - -6?
2, 13, 347
Suppose -2*r + 54*x + 54877 = 49*x, 4*x + 54878 = 2*r. What are the prime factors of r?
3, 3049
Let z(k) be the first derivative of 3*k**2/2 - 14*k - 17. Let n be z(10). Suppose 0*i - 10 = -2*i, 4*i = 2*s - n. List the prime factors of s.
2, 3
Let j(h) = 6849*h**2 + 22*h + 2. List the prime factors of j(-1).
6829
Suppose 14*q + 1192 = 15*q. Let n be (q/(-2))/(-12 + 10). Suppose n = -92*t + 93*t. What are the prime factors of t?
2, 149
Let g = -57 - -191. Suppose -g = -3*t + 136. Suppose t*a = 86*a + 176. What are the prime factors of a?
2, 11
Let o(f) = -62*f - 14. Let x be o(33). Let w = -1370 - x. List the prime factors of w.
2, 3, 5, 23
Suppose 198*w + 22494 = k + 195*w, 3*k + 2*w = 67504. What are the prime factors of k?
2, 3, 5
Let x = 10329 + -5520. List the prime factors of x.
3, 7, 229
What are the prime factors of (2272/20)/(((-2)/(-15))/((-92)/(-12)))?
2, 23, 71
Let n(t) = -13*t**3 + 2*t**2 + 4*t + 7. Let u = 145 - 122. Suppose -13*q = 3 + u. What are the prime factors of n(q)?
3, 37
Suppose d + 5*t = -3*d + 51, 5*d - 74 = 4*t. Suppose -r + 13*h + 1089 = d*h, -6 = 2*h. What are the prime factors of r?
2, 3, 7, 13
Suppose 3*z + 223 + 56 = 0. Let h = 643 + -453. Let w = z + h. What are the prime factors of w?
97
Let q(i) = -3*i - 10. Suppose 3*f + 29 = 4*x, -5*f + x - 49 = -12. Let d be q(f). Let w = 60 + d. List the prime factors of w.
71
Let w(q) = -18*q - 162. Let l(o) = -15*o - 162. Let k(h) = -4*l(h) + 3*w(h). List the prime factors of k(-8).
2, 3, 19
Suppose -128 = -4*s + 4*q, -s = 2*s + 4*q - 117. Let b = -337 - -339. Suppose 0 = 4*j - 2*d - 348, 2*j - 209 = -b*d - s. List the prime factors of j.
3, 29
Let c = 31 + 21. Let j = c - 50. Suppose j*s - 4*o = 356, 2*s + 2*o - 93 - 233 = 0. List the prime factors of s.
2, 3, 7
Suppose -103*r = 61*r - 1228032. List the prime factors of r.
2, 3, 13
Suppose 49*p - 285*p = -738076 - 4259224. List the prime factors of p.
5, 7, 11
Let v = 21171 - -4349. List the prime factors of v.
2, 5, 11, 29
Let t be 3 + (-198999)/(-81) + (-4)/(-18). Suppose 6*d + 4*d - t = 0. List the prime factors of d/4 + 1/(-2).
61
Let x(m) = -7264*m + 28. List the prime factors of x(-1).
2, 1823
Let f = -6 + -48. Let u = -58 - f. What are the prime factors of (6/9 - u)/((-4)/(-102))?
7, 17
Let v = 70 - 66. What are the prime factors of -5 + 5 + v + 209?
3, 71
Suppose 18*g = 71*g - 535035. What are the prime factors of g?
3, 5, 673
Let j(v) = -v**3 + 2*v**2 + 12*v - 42. Let b be j(17). List the prime factors of (-20)/40 - (b/6)/1.
5, 139
Let f(p) = 116*p**2 + 84*p - 2914. What are the prime factors of f(22)?
2, 27539
Suppose 4*g = 5*x + 74, -2*g + 5*x = -6*g + 54. Let n = g + -13. Suppose -n*t - 189 = -6*t. What are the prime factors of t?
3, 7
List the prime factors of 1 + 17385 + 1 - (-502 - -490).
127, 137
Suppose -86*a + 871601 = -21*a - 2643339. List the prime factors of a.
2, 11, 1229
Let j(o) = o**3 - 34*o**2 - o + 42. Let s be j(34). What are the prime factors of ((s - 4) + -14)/(2/(-66))?
2, 3, 5, 11
Let b(k) = -66*k**2 + 2 - 8 + 8*k + 642*k**2 + 702*k**2. List the prime factors of b(1).
2, 5
Let p(a) = -a**2 + 10*a + 4. Let h(j) = -j**3 + 18*j**2 + 40*j + 27. Let f be h(20). Let v be ((f/(-6))/3)/(2/(-12)). What are the prime factors of p(v)?
13
Let w = 58 - 56. Suppose j - 2*p - 489 = -3*p, -w*j + 990 = -p. What are the prime factors of j?
17, 29
Suppose 12*w = w - 16522. Let c = -680 - w. List the prime factors of c.
2, 3, 137
Let o = 9475 + -5888. List the prime factors of o.
17, 211
List the prime factors of 2760967/253 - ((-125)/115 + 1).
7, 1559
Suppose -61*q + 25353 = -56*q + 3*h, 4*h = -3*q + 15203. List the prime factors of q.
3, 19, 89
Let b(j) = 665*j + 4697. What are the prime factors of b(70)?
7, 7321
Let h = -397 + 6463. List the prime factors of h.
2, 3, 337
Suppose -6*u - 9*u = 15. What are the prime factors of u/(-3)*359*(-11 + 14)?
359
Let n be 1/3 - 228/(-18). Suppose -c + 15 = -n. What are the prime factors of (-4)/c + 1016/7?
5, 29
Let d = 44 + -50. Let b(c) = -7*c**2 + 6*c + 105. Let h(v) = 13*v**2 - 11*v - 210. Let k(l) = d*h(l) - 11*b(l). What are the prime factors of k(0)?
3, 5, 7
Let d(q) = 13*q**2 + 36*q - 70. What are the prime factors of d(-18)?
2, 1747
Let j(q) = 631*q**2 - 332*q - 1325. What are the prime factors of j(-4)?
10099
Let h be -16*((-18)/24 - (-3)/(-12)). Suppose h + 209 = b. What are the prime factors of b?
3, 5
What are the prime factors of (-4194 - -32)*(-2 - (-6 - -4)/(-4))?
5, 2081
Suppose 0 = 55*m - 87104 - 45116. What are the prime factors of m?
2, 601
Suppose c + 5*g = 48483, 0 = -4*g + 12 - 4. What are the prime factors of c?
48473
Let u be (11/(-5))/((-13)/(-48425)*-5). List the prime factors of ((-9)/(-2))/((-27)/(-36)) + u.
5, 7, 47
Let x(p) = p**3 + 7*p**2 + 3*p - 4. Let v be x(-4). Let n(t) = v + 80 - t - 24. List the prime factors of n(0).
2, 11
Suppose 7*d + 3*d = 12560. Suppose 0 = -3*o + 64 + d. List the prime factors of o.
2, 5, 11
Let q be 5*((-117)/(-4) + (-1)/4). Let i = -11 + q. What are the prime factors of i?
2, 67
Let i(a) = -107*a + 329. List the prime factors of i(-2).
3, 181
Let m be (1 - (-15)/(-6))*-40. Suppose 3*n - 126 = -3*d, -2*n + d = -18 - m. Let h = n + -21. List the prime factors of h.
19
Let b(n) = 259*n**2 - 66*n + 533. What are the prime factors of b(7)?
2, 3, 709
Suppose -3*u + 49012 = 3*c - 4*c, -48992 = -3*u - 4*c